o base 8.
-216
Convert -14 (base 11) to base 12.
-13
Convert -19 (base 15) to base 5.
-44
What is -21 (base 8) in base 13?
-14
100 (base 2) to base 11
4
What is -2 (base 4) in base 13?
-2
What is -1 (base 14) in base 9?
-1
What is -74 (base 11) in base 10?
-81
What is -2 (base 16) in base 11?
-2
What is 1 (base 16) in base 13?
1
-6 (base 13) to base 15
-6
Convert 99 (base 11) to base 10.
108
-1 (base 16) to base 5
-1
Convert 8 (base 16) to base 8.
10
3 (base 10) to base 7
3
100 (base 3) to base 13
9
Convert -1 (base 16) to base 4.
-1
-45 (base 11) to base 2
-110001
Convert -2e (base 15) to base 8.
-54
What is -10 (base 16) in base 4?
-100
Convert -101 (base 2) to base 4.
-11
Convert 10011 (base 2) to base 11.
18
Convert 35 (base 9) to base 16.
20
What is 1b (base 15) in base 7?
35
-2310 (base 4) to base 14
-cc
What is -3 (base 12) in base 9?
-3
What is -42 (base 13) in base 3?
-2000
What is 1010 (base 2) in base 5?
20
-18 (base 9) to base 5
-32
What is -14 (base 11) in base 6?
-23
What is 107 (base 9) in base 5?
323
-5 (base 7) to base 9
-5
What is 1000000 (base 2) in base 8?
100
Convert -11 (base 5) to base 16.
-6
Convert -2b (base 16) to base 15.
-2d
Convert 112 (base 3) to base 2.
1110
Convert 11 (base 16) to base 14.
13
What is 21 (base 14) in base 5?
104
-46 (base 8) to base 10
-38
82 (base 15) to base 14
8a
What is 0 (base 6) in base 14?
0
-50 (base 7) to base 2
-100011
Convert -30 (base 11) to base 2.
-100001
1 (base 10) to base 8
1
Convert 1033 (base 5) to base 9.
168
43 (base 7) to base 5
111
Convert 120 (base 4) to base 6.
40
-16 (base 8) to base 3
-112
232 (base 4) to base 14
34
30 (base 15) to base 4
231
10 (base 8) to base 2
1000
14 (base 10) to base 15
e
Convert 2 (base 13) to base 5.
2
Convert -31 (base 13) to base 12.
-34
Convert 1132 (base 4) to base 5.
334
b3 (base 13) to base 15
9b
What is -20 (base 16) in base 15?
-22
Convert 3321 (base 4) to base 16.
f9
What is 1 (base 6) in base 12?
1
Convert -33 (base 5) to base 11.
-17
0 (base 11) to base 5
0
12 (base 4) to base 7
6
What is 303 (base 5) in base 9?
86
3 (base 4) to base 5
3
What is a (base 11) in base 7?
13
147 (base 14) to base 3
100121
Convert -20 (base 9) to base 14.
-14
-55 (base 9) to base 8
-62
What is 11011100 (base 2) in base 14?
11a
What is 5 (base 12) in base 2?
101
What is -1011 (base 2) in base 8?
-13
-2221 (base 3) to base 8
-117
-1f (base 16) to base 4
-133
-144 (base 9) to base 6
-321
-4 (base 16) to base 7
-4
What is -20 (base 12) in base 14?
-1a
What is 1c (base 15) in base 4?
123
-b1 (base 15) to base 14
-bc
1 (base 3) to base 11
1
Convert -1 (base 3) to base 13.
-1
Convert 10011 (base 2) to base 15.
14
What is 10 (base 5) in base 2?
101
What is 6 (base 13) in base 11?
6
What is -c (base 15) in base 3?
-110
Convert 4 (base 6) to base 11.
4
Convert -342 (base 5) to base 13.
-76
-16 (base 7) to base 12
-11
Convert 1 (base 16) to base 2.
1
Convert -1 (base 9) to base 12.
-1
Convert -20 (base 4) to base 7.
-11
Convert -4 (base 6) to base 5.
-4
d9 (base 15) to base 7
411
-12 (base 15) to base 7
-23
Convert 3 (base 16) to base 2.
11
Convert -7 (base 16) to base 9.
-7
Convert 2 (base 14) to base 16.
2
What is 43 (base 5) in base 8?
27
-33 (base 12) to base 2
-100111
Convert 4 (base 6) to base 5.
4
125 (base 6) to base 3
1222
Convert -3 (base 8) to base 13.
-3
What is -2 (base 16) in base 6?
-2
What is -6 (base 10) in base 3?
-20
What is f0 (base 16) in base 2?
11110000
Convert -26 (base 14) to base 9.
-37
What is 0 (base 13) in base 9?
0
-13 (base 13) to base 15
-11
4c (base 14) to base 10
68
What is -bc (base 13) in base 12?
-10b
Convert -113 (base 4) to base 15.
-18
Convert 11 (base 4) to base 14.
5
Convert 0 (base 5) to base 8.
0
-9 (base 12) to base 8
-11
Convert 19 (base 14) to base 10.
23
Convert 8 (base 15) to base 2.
1000
What is -1 (base 8) in base 16?
-1
Convert 34 (base 11) to base 5.
122
What is -2 (base 9) in base 2?
-10
What is 3 (base 10) in base 14?
3
What is 4 (base 6) in base 12?
4
What is 2b (base 13) in base 7?
52
15 (base 8) to base 4
31
302 (base 9) to base 15
115
Convert -114 (base 11) to base 6.
-344
Convert 12 (base 3) to base 13.
5
Convert -2 (base 16) to base 5.
-2
What is 1110 (base 3) in base 9?
43
-5 (base 12) to base 10
-5
What is 237 (base 9) in base 16?
c4
What is 112 (base 5) in base 6?
52
-16 (base 7) to base 2
-1101
Convert -4 (base 8) to base 10.
-4
Convert -1 (base 2) to base 7.
-1
Convert -100 (base 5) to base 16.
-19
-5 (base 11) to base 5
-10
What is -13 (base 5) in base 2?
-1000
What is 23 (base 5) in base 12?
11
What is 88 (base 10) in base 14?
64
What is 121 (base 6) in base 13?
3a
Convert 12 (base 11) to base 3.
111
What is 7 (base 13) in base 14?
7
What is -120 (base 4) in base 11?
-22
Convert -2012 (base 4) to base 10.
-134
What is -2 (base 13) in base 12?
-2
Convert -253 (base 10) to base 14.
-141
Convert -23 (base 5) to base 7.
-16
-11 (base 16) to base 9
-18
-1 (base 5) to base 8
-1
Convert 4 (base 8) to base 2.
100
Convert 3 (base 11) to base 14.
3
Convert -247 (base 8) to base 13.
-cb
Convert -4 (base 10) to base 15.
-4
-1 (base 13) to base 16
-1
-124 (base 6) to base 10
-52
Convert 9 (base 11) to base 7.
12
What is 4 (base 16) in base 6?
4
What is 11001 (base 3) in base 10?
109
What is -20 (base 7) in base 4?
-32
Convert 12 (base 5) to base 12.
7
Convert 3 (base 14) to base 4.
3
99 (base 12) to base 10
117
Convert 0 (base 3) to base 10.
0
What is 5d (base 14) in base 16?
53
11011 (base 2) to base 6
43
What is 2 (base 16) in base 3?
2
1011 (base 2) to base 7
14
1c (base 15) to base 16
1b
-211 (base 7) to base 6
-254
What is -a (base 13) in base 14?
-a
2 (base 8) to base 10
2
3 (base 11) to base 14
3
17 (base 11) to base 4
102
8d (base 16) to base 6
353
What is 19 (base 14) in base 3?
212
89 (base 13) to base 4
1301
What is -4 (base 12) in base 3?
-11
Convert -232 (base 5) to base 7.
-124
Convert -5 (base 6) to base 5.
-10
What is -10 (base 12) in base 4?
-30
What is 34 (base 7) in base 9?
27
10 (base 12) to base 7
15
-4 (base 15) to base 11
-4
214 (base 6) to base 3
10001
What is -23 (base 6) in base 9?
-16
Convert 2 (base 12) to base 7.
2
Convert -27 (base 12) to base 9.
-34
Convert 10a (base 14) to base 2.
11001110
22 (base 5) to base 4
30
Convert 33 (base 4) to base 2.
1111
Convert 10 (base 2) to base 3.
2
Convert -213 (base 4) to base 2.
-100111
What is 0 (base 12) in base 15?
0
10 (base 6) to base 8
6
What is -50 (base 7) in base 14?
-27
What is 12 (base 7) in base 4?
21
What is 8 (base 10) in base 9?
8
-220 (base 3) to base 16
-18
-25 (base 8) to base 4
-111
What is -7 (base 13) in base 2?
-111
Convert 45 (base 6) to base 16.
1d
Convert 154 (base 6) to base 16.
46
What is -7 (base 12) in base 6?
-11
-d (base 16) to base 6
-21
12 (base 10) to base 8
14
11 (base 13) to base 11
13
Convert -8 (base 15) to base 16.
-8
What is 44 (base 7) in base 3?
1012
-2000 (base 3) to base 6
-130
What is 1a (base 15) in base 10?
25
What is 0 (base 8) in base 5?
0
What is 1a (base 16) in base 15?
1b
Convert 7 (base 12) to base 6.
11
Convert -201 (base 3) to base 16.
-13
231 (base 5) to base 12
56
What is -7 (base 10) in base 4?
-13
Convert -1144 (base 6) to base 11.
-235
Convert 17 (base 10) to base 9.
18
What is -1220 (base 4) in base 3?
-10212
Convert -104 (base 8) to base 13.
-53
-22 (base 7) to base 11
-15
Convert 10 (base 3) to base 8.
3
Convert -6 (base 11) to base 3.
-20
Convert 14 (base 9) to base 8.
15
Convert 4 (base 11) to base 15.
4
What is -10000100 (base 2) in base 3?
-11220
Convert 0 (base 4) to base 14.
0
Convert 233 (base 8) to base 16.
9b
Convert 72 (base 8) to base 15.
3d
Convert 10 (base 4) to base 9.
4
What is 165 (base 8) in base 11?
a7
What is 9c (base 13) in base 5?
1004
What is -1 (base 14) in base 16?
-1
-3 (base 15) to base 2
-11
What is -2120 (base 3) in base 14?
-4d
Convert 9 (base 11) to base 4.
21
-4 (base 12) to base 15
-4
1 (base 13) to base 12
1
Convert -5 (base 6) to base 12.
-5
Convert -6 (base 14) to base 6.
-10
What is 22 (base 3) in base 2?
1000
Convert -11 (base 2) to base 3.
-10
3 (base 15) to base 9
3
What is 1 (base 12) in base 15?
1
Convert -272 (base 8) to base 7.
-354
What is 4 (base 15) in base 6?
4
153 (base 11) to base 8
263
What is 2 (base 10) in base 14?
2
What is 3 (